 remainder when 266590 is divided by 296.
190
Calculate the remainder when 79431544 is divided by 125882.
2
Calculate the remainder when 1233704 is divided by 2235.
2219
Calculate the remainder when 10371685 is divided by 518583.
25
What is the remainder when 194597 is divided by 6802?
4141
What is the remainder when 711083 is divided by 35482?
1443
Calculate the remainder when 39038 is divided by 31939.
7099
What is the remainder when 2505482 is divided by 217?
0
What is the remainder when 355418 is divided by 153?
152
What is the remainder when 1433123 is divided by 310?
303
Calculate the remainder when 2778550 is divided by 173.
170
Calculate the remainder when 336606869 is divided by 49.
46
Calculate the remainder when 17729739 is divided by 70.
69
What is the remainder when 3642552 is divided by 64?
56
What is the remainder when 105839 is divided by 26447?
51
What is the remainder when 2656655 is divided by 115504?
63
What is the remainder when 168167 is divided by 83335?
1497
Calculate the remainder when 13514393 is divided by 119596.
45
What is the remainder when 46312 is divided by 43749?
2563
Calculate the remainder when 1214759 is divided by 44.
7
What is the remainder when 2923958 is divided by 2923955?
3
Calculate the remainder when 28356621 is divided by 14336.
13
Calculate the remainder when 24052061 is divided by 1966.
17
Calculate the remainder when 15058418 is divided by 1363.
1357
What is the remainder when 40674 is divided by 167?
93
What is the remainder when 7068542 is divided by 820?
142
What is the remainder when 1848594 is divided by 4108?
4102
Calculate the remainder when 662591 is divided by 110428.
23
What is the remainder when 348532 is divided by 2601?
2599
What is the remainder when 6317085 is divided by 736?
733
Calculate the remainder when 1316066 is divided by 2596.
2490
Calculate the remainder when 17364882 is divided by 191.
117
Calculate the remainder when 10079650 is divided by 558.
496
What is the remainder when 2817858 is divided by 2817705?
153
What is the remainder when 27834906 is divided by 689?
684
What is the remainder when 4430407 is divided by 3780?
247
Calculate the remainder when 1411345 is divided by 245.
145
Calculate the remainder when 28593515 is divided by 4084787.
6
Calculate the remainder when 66113501 is divided by 189.
167
Calculate the remainder when 59254503 is divided by 869.
0
Calculate the remainder when 3624 is divided by 1623.
378
What is the remainder when 6306927 is divided by 25127?
50
Calculate the remainder when 9986916 is divided by 2193.
2187
What is the remainder when 6808779 is divided by 23?
20
What is the remainder when 1377644 is divided by 306?
32
What is the remainder when 20891436 is divided by 4090?
3806
Calculate the remainder when 55545550 is divided by 24.
22
Calculate the remainder when 5515327 is divided by 1838442.
1
Calculate the remainder when 1878603 is divided by 939136.
331
What is the remainder when 13422971 is divided by 178?
169
Calculate the remainder when 203997 is divided by 7494.
1659
What is the remainder when 109747 is divided by 8440?
27
What is the remainder when 101432 is divided by 570?
542
Calculate the remainder when 536433 is divided by 1528.
105
What is the remainder when 43062580 is divided by 14354192?
4
What is the remainder when 162667 is divided by 40657?
39
Calculate the remainder when 1120222 is divided by 652.
86
What is the remainder when 17279501 is divided by 44?
41
Calculate the remainder when 2428277 is divided by 587.
445
What is the remainder when 1387620 is divided by 20709?
117
Calculate the remainder when 33359 is divided by 1010.
29
Calculate the remainder when 965754 is divided by 74.
54
Calculate the remainder when 1377375 is divided by 114781.
3
Calculate the remainder when 2849166 is divided by 32746.
264
What is the remainder when 351241922 is divided by 4244?
4238
What is the remainder when 1446494 is divided by 1446491?
3
What is the remainder when 509175 is divided by 78?
69
Calculate the remainder when 8368131 is divided by 19.
18
What is the remainder when 433750 is divided by 2951?
2904
Calculate the remainder when 10861591 is divided by 36.
31
What is the remainder when 452208 is divided by 491?
488
Calculate the remainder when 308533 is divided by 34259.
202
What is the remainder when 1265172 is divided by 13604?
0
What is the remainder when 993085 is divided by 741?
145
Calculate the remainder when 125979 is divided by 413.
14
Calculate the remainder when 6354133 is divided by 4276.
4273
What is the remainder when 363177 is divided by 45396?
9
What is the remainder when 2141676 is divided by 32449?
42
Calculate the remainder when 74213630 is divided by 256.
254
What is the remainder when 242591 is divided by 1395?
1256
Calculate the remainder when 389401 is divided by 2649.
2647
Calculate the remainder when 13416825 is divided by 732.
729
What is the remainder when 78330914 is divided by 1715?
4
Calculate the remainder when 719842063 is divided by 37.
33
What is the remainder when 4099476 is divided by 3992?
3684
What is the remainder when 13348854 is divided by 278101?
6
What is the remainder when 62832340 is divided by 13?
12
What is the remainder when 98156 is divided by 895?
601
What is the remainder when 37772 is divided by 1908?
1520
What is the remainder when 12878715 is divided by 15?
0
What is the remainder when 1616992 is divided by 191?
177
What is the remainder when 539035 is divided by 101?
99
What is the remainder when 27821 is divided by 2631?
1511
What is the remainder when 135898 is divided by 45238?
184
What is the remainder when 118527 is divided by 578?
37
What is the remainder when 25789676 is divided by 1462?
1458
Calculate the remainder when 215924394 is divided by 15484.
14
What is the remainder when 10864305 is divided by 14?
11
What is the remainder when 538521 is divided by 538509?
12
What is the remainder when 87008 is divided by 285?
83
Calculate the remainder when 9817229 is divided by 20.
9
Calculate the remainder when 43529724 is divided by 944.
940
Calculate the remainder when 1075370 is divided by 214.
20
Calculate the remainder when 4314319 is divided by 300.
19
Calculate the remainder when 28701271 is divided by 370.
1
What is the remainder when 7218 is divided by 131?
13
Calculate the remainder when 12349117 is divided by 370.
367
What is the remainder when 77807415 is divided by 51?
30
Calculate the remainder when 5263749 is divided by 12.
9
Calculate the remainder when 2043128 is divided by 1422.
1136
Calculate the remainder when 50418600 is divided by 265361.
10
What is the remainder when 442231 is divided by 221070?
91
What is the remainder when 7477299 is divided by 242?
225
What is the remainder when 76958 is divided by 25627?
77
Calculate the remainder when 224624 is divided by 238.
190
What is the remainder when 356988 is divided by 118238?
2274
What is the remainder when 296297 is divided by 296284?
13
What is the remainder when 474169 is divided by 883?
881
What is the remainder when 15259247 is divided by 37492?
3
What is the remainder when 80763 is divided by 9976?
955
Calculate the remainder when 6876321 is divided by 160.
1
What is the remainder when 14176344 is divided by 9407?
9402
What is the remainder when 167224 is divided by 20903?
0
Calculate the remainder when 388547 is divided by 129512.
11
What is the remainder when 8427 is divided by 77?
34
What is the remainder when 316529 is divided by 20951?
2264
What is the remainder when 339250 is divided by 2058?
1738
Calculate the remainder when 483878 is divided by 433.
217
Calculate the remainder when 26049 is divided by 3355.
2564
Calculate the remainder when 25348 is divided by 7982.
1402
What is the remainder when 21470510 is divided by 230864?
158
What is the remainder when 7436913 is divided by 2887?
1
Calculate the remainder when 4417518 is divided by 451.
424
Calculate the remainder when 509021 is divided by 507882.
1139
Calculate the remainder when 10530 is divided by 1452.
366
What is the remainder when 204914 is divided by 198221?
6693
What is the remainder when 22079073 is divided by 245323?
3
Calculate the remainder when 458232 is divided by 4177.
2939
Calculate the remainder when 196